e 1425711?
False
Is 10811059 a multiple of 4?
False
Is 1313114 a multiple of 372?
False
Does 103 divide 196730?
True
Is 671 a factor of 1738987?
False
Does 342 divide 44073?
False
Does 15 divide 331624?
False
Is 4 a factor of 1988632?
True
Is 3580380 a multiple of 12?
True
Is 2668627 a multiple of 3?
False
Does 247 divide 106704?
True
Is 52 a factor of 275750?
False
Does 170 divide 92471?
False
Is 370 a factor of 1100901?
False
Is 364 a factor of 3318201?
False
Is 4226076 a multiple of 18?
True
Is 1435108 a multiple of 76?
True
Does 94 divide 50572?
True
Is 4 a factor of 45076?
True
Is 3100625 a multiple of 22?
False
Is 4023356 a multiple of 17?
True
Is 2684714 a multiple of 13?
False
Does 105 divide 336528?
False
Is 7 a factor of 68243?
True
Does 86 divide 174494?
True
Is 117660 a multiple of 636?
True
Is 212536 a multiple of 248?
True
Does 222 divide 26457784?
False
Is 59 a factor of 414214?
False
Is 2091 a factor of 17403393?
True
Does 10 divide 120528?
False
Is 137 a factor of 116861?
True
Does 10 divide 1351590?
True
Is 32 a factor of 765952?
True
Is 6419408 a multiple of 163?
False
Is 4749280 a multiple of 20?
True
Is 10 a factor of 3416?
False
Does 51 divide 871537?
False
Is 216 a factor of 5193072?
True
Is 269 a factor of 107587?
False
Is 9337014 a multiple of 174?
True
Is 7 a factor of 954248?
False
Does 7 divide 34637?
False
Is 50949 a multiple of 37?
True
Does 37 divide 930217?
True
Is 315581 a multiple of 322?
False
Does 753 divide 1774903?
False
Is 360423 a multiple of 418?
False
Is 306642 a multiple of 98?
True
Does 11 divide 59388?
False
Is 95606 a multiple of 55?
False
Is 62 a factor of 352470?
True
Does 9 divide 13563?
True
Does 24 divide 937768?
False
Does 25 divide 96701?
False
Does 24 divide 4142612?
False
Is 4246500 a multiple of 596?
True
Is 47 a factor of 27286?
False
Is 23 a factor of 206746?
False
Does 1096 divide 1608928?
True
Is 2137989 a multiple of 423?
False
Is 19 a factor of 146395?
True
Is 11 a factor of 6044324?
True
Is 20 a factor of 785159?
False
Is 398767 a multiple of 28?
False
Is 404 a factor of 24644?
True
Is 21 a factor of 465444?
True
Is 23 a factor of 4697681?
True
Is 5572266 a multiple of 733?
True
Is 95 a factor of 27606433?
False
Does 22 divide 145156?
True
Does 19 divide 296128?
False
Is 5 a factor of 954437?
False
Does 16 divide 3713242?
False
Is 5 a factor of 547245?
True
Is 4 a factor of 46639?
False
Is 97 a factor of 4084073?
False
Is 29 a factor of 844828?
True
Is 80069 a multiple of 81?
False
Is 1006 a factor of 2636726?
True
Does 1080 divide 968504?
False
Is 7 a factor of 13694?
False
Does 6 divide 534216?
True
Does 97 divide 6499?
True
Is 631502 a multiple of 3?
False
Is 488273 a multiple of 95?
False
Is 8 a factor of 362958?
False
Is 22 a factor of 2451794?
False
Does 14 divide 353864?
True
Does 44 divide 92708?
True
Does 356 divide 180136?
True
Is 51 a factor of 1391825?
False
Is 661 a factor of 2307383?
False
Is 69822 a multiple of 596?
False
Does 52 divide 68824?
False
Is 102 a factor of 71236?
False
Is 118 a factor of 1393200?
False
Is 16879 a multiple of 18?
False
Is 252 a factor of 151299?
False
Is 97240 a multiple of 30?
False
Is 6645774 a multiple of 37?
False
Is 1636 a factor of 7309569?
False
Is 577136 a multiple of 51?
False
Does 6 divide 54234?
True
Does 8 divide 451008?
True
Does 5 divide 566798?
False
Is 4638510 a multiple of 15?
True
Does 72 divide 2211509?
False
Does 84 divide 98376?
False
Is 80000 a multiple of 16?
True
Is 13 a factor of 32266?
True
Is 214 a factor of 579155?
False
Is 16277 a multiple of 41?
True
Is 302758 a multiple of 32?
False
Is 514325 a multiple of 76?
False
Does 855 divide 11886915?
False
Is 3152334 a multiple of 53?
True
Is 187758 a multiple of 366?
True
Does 17 divide 419118?
True
Does 14 divide 52690?
False
Is 367964 a multiple of 34?
False
Is 3 a factor of 23267?
False
Does 878 divide 10275122?
False
Is 2041948 a multiple of 82?
False
Does 306 divide 162342?
False
Is 9 a factor of 85291?
False
Is 46 a factor of 378234?
False
Is 242 a factor of 12988866?
True
Does 92 divide 2460816?
True
Does 77 divide 1200362?
False
Is 543114 a multiple of 464?
False
Does 24 divide 18731431?
False
Does 12 divide 9076202?
False
Does 20 divide 1483800?
True
Is 2848598 a multiple of 18?
False
Does 109 divide 3463802?
True
Is 42 a factor of 43134?
True
Is 5025303 a multiple of 111?
True
Is 49 a factor of 1638021?
True
Does 16 divide 199876?
False
Does 687 divide 2785785?
True
Does 68 divide 64169?
False
Is 3078540 a multiple of 270?
True
Is 614250 a multiple of 39?
True
Is 20 a factor of 30880?
True
Is 1738750 a multiple of 8?
False
Is 4 a factor of 1690?
False
Is 1135 a factor of 1771437?
False
Does 65 divide 642720?
True
Is 168777 a multiple of 6?
False
Is 89 a factor of 4097627?
False
Is 414 a factor of 169740?
True
Is 153 a factor of 410040?
True
Does 17 divide 83963?
True
Is 8790785 a multiple of 17?
True
Is 1524096 a multiple of 384?
True
Does 402 divide 455064?
True
Is 1421634 a multiple of 82?
True
Is 359130 a multiple of 67?
False
Does 50 divide 300850?
True
Is 2248092 a multiple of 198?
True
Does 181 divide 1763602?
False
Is 35 a factor of 1071945?
True
Does 190 divide 1246165?
False
Is 833 a factor of 10568561?
False
Is 871 a factor of 2151781?
False
Is 152717 a multiple of 32?
False
Is 2623112 a multiple of 478?
False
Is 101926 a multiple of 113?
True
Is 10 a factor of 29043?
False
Is 3 a factor of 71673?
True
Is 4610 a multiple of 617?
False
Does 22 divide 1339285?
False
Is 2912588 a multiple of 28?
True
Is 14691280 a multiple of 10?
True
Is 175 a factor of 7013974?
False
Is 1506 a multiple of 6?
True
Does 76 divide 3271572?
True
Is 13 a factor of 44654163?
False
Is 14 a factor of 1610056?
True
Is 4 a factor of 799632?
True
Does 131 divide 141611?
True
Is 1009900 a multiple of 100?
True
Does 17 divide 45447?
False
Does 335 divide 1977618?
False
Is 10283634 a multiple of 18?
True
Does 29 divide 15314?
False
Is 1256818 a multiple of 607?
False
Is 948 a factor of 514764?
True
Is 3 a factor of 4217?
False
Is 1748100 a multiple of 25?
True
Is 2158861 a multiple of 12?
False
Is 743526 a multiple of 57?
False
Is 38 a factor of 15124?
True
Is 48400 a multiple of 110?
True
Is 321 a factor of 830885?
False
Is 13720720 a multiple of 52?
True
Is 132242 a multiple of 11?
True
Is 15 a factor of 7977490?
False
Does 353 divide 963712?
False
Does 4 divide 104215?
False
Is 177658 a multiple of 13?
True
Is 8 a factor of 278528?
True
Does 54 divide 4320?
True
Is 11 a factor of 1748648?
True
Does 1200 divide 6801078?
False
Is 763700 a multiple of 700?
True
Is 27424 a multiple of 32?
True
Is 591 a factor of 406608?
True
Is 363770 a multiple of 322?
False
Is 50 a factor of 7581350?
True
Is 7 a factor of 6587?
True
Does 8 divide 1231579?
False
Is 4 a factor of 13968?
True
Is 125 a factor of 3541250?
True
Is 204198 a multiple of 33?
False
Is 185 a factor of 1746947?
False
Is 2139767 a multiple of 5?
False
Is 498155 a multiple of 72?
False
Is 10792 a multiple of 38?
True
Is 377 a factor of 46748?
True
Is 33000 a multiple of 220?
True
Is 333849 a multiple of 15?
False
Is 24 a factor of 48399?
False
Does 44 divide 341308?
True
Is 695 a factor of 9321340?
True
Does 98 divide 8938837?
False
Is 533603 a multiple of 7?
True
Does 7 divide 201173?
True
Does 280 divide 27473040?
True
Is 419 a factor of 439224?
False
Is 882414 a multiple of 234?
True
Is 730 a factor of 263530?
True
Is 7950 a multiple of 50?
True
Is 370549 a multiple of 60?
False
Is 22 a factor of 564740?
True
Does 149 divide 599519?
False
Does 152 divide 406296?
True
Is 3471864 a multiple of 264?
True
Is 188498 a multiple of 12?
False
Is 3777 a multiple of 8?
False
Does 5 divide 136156?
False
Does 87 divide 34867?
False
Is 326 a factor of 2712646?
True
Does 1265 divide 702801?
False
Does 10 divide 63409?
False
Is 60 a factor of 388980?
True
Is 13980664 a multiple of 56?
False
Is 481 a factor of 689727?
False
Is 27693410 a multiple of 10?
True
Is 61 a factor of 58807?
False
Is 50 a factor of 563049?
False
Is 8 a factor of 1350136?
True
Does 14 divide 13997?
False
Is 416208 a multiple of 667?
True
Is 47 a factor of 509621?
True
Is 127537 a multiple of 6?
False
Does 11 divide 603475?
False
Is 1862089 a multiple of 8?
Fal